{"id":845,"date":"2025-09-29T09:28:11","date_gmt":"2025-09-29T07:28:11","guid":{"rendered":"http:\/\/maroquineriemc.fr\/?post_type=product&#038;p=845"},"modified":"2025-11-18T22:36:49","modified_gmt":"2025-11-18T20:36:49","slug":"ceinture-en-cuir-artisanal-25-cm-boucle-laiton-dore","status":"publish","type":"product","link":"https:\/\/maroquineriemc.fr\/?product=ceinture-en-cuir-artisanal-25-cm-boucle-laiton-dore","title":{"rendered":"Ceinture en cuir artisanal 2,5 cm \u2013 boucle laiton dor\u00e9"},"content":{"rendered":"<p><span style=\"font-weight: 400;\">Cette ceinture en cuir artisanal 2,5 cm \u2013 boucle laiton dor\u00e9 est fabriqu\u00e9e dans l\u2019atelier <\/span><b>Maroquinerie Maryline Caillat.<\/b><span style=\"font-weight: 400;\">\u00a0cette ceinture en cuir de bovin au tannage v\u00e9g\u00e9tal allie finesse et authenticit\u00e9.<\/span><\/p>\n<ul>\n<li style=\"font-weight: 400;\" aria-level=\"1\"><span style=\"font-weight: 400;\">Le cuir est d\u00e9coup\u00e9 et <\/span><b>filet\u00e9 \u00e0 chaud sur toute la longueur<\/b><span style=\"font-weight: 400;\">.<\/span><\/li>\n<li style=\"font-weight: 400;\" aria-level=\"1\"><span style=\"font-weight: 400;\">Les bords sont <\/span><b>abat-carr\u00e9s<\/b><span style=\"font-weight: 400;\">, c\u2019est-\u00e0-dire que les ar\u00eates sont l\u00e9g\u00e8rement cass\u00e9es pour plus de confort et une finition soign\u00e9e.<\/span><\/li>\n<li style=\"font-weight: 400;\" aria-level=\"1\"><span style=\"font-weight: 400;\">Ils sont ensuite prot\u00e9g\u00e9s \u00e0 la <\/span><b>cire d\u2019abeille<\/b><span style=\"font-weight: 400;\"> pour garantir durabilit\u00e9 et \u00e9l\u00e9gance.<\/span><\/li>\n<li style=\"font-weight: 400;\" aria-level=\"1\"><span style=\"font-weight: 400;\">La <\/span><b>pointe en forme d\u2019ogive<\/b><span style=\"font-weight: 400;\"> apporte une allure intemporelle.<\/span><\/li>\n<li style=\"font-weight: 400;\" aria-level=\"1\"><span style=\"font-weight: 400;\">La boucle en <\/span><b>laiton dor\u00e9<\/b><span style=\"font-weight: 400;\">, fix\u00e9e par enchapage et rivets, et le passant fa\u00e7onn\u00e9 \u00e0 la main t\u00e9moignent d\u2019un savoir-faire artisanal d\u2019exception.<\/span><\/li>\n<\/ul>\n<p><span style=\"font-weight: 400;\">\u00a0Fine et \u00e9l\u00e9gante, elle sublime un pantalon habill\u00e9 et s\u2019accorde aussi \u00e0 des looks plus casual. Avec le temps, le cuir se patinera et s\u2019assouplira, pour une ceinture qui vous accompagnera durant de longues ann\u00e9es.<\/span><\/p>\n<p>Coordonnez votre ceinture avec un<a href=\"http:\/\/maroquineriemc.fr\/categorie-produit\/sacs-en-cuir-faits-main\/\"> sac en cuir\u00a0<\/a> ou <a href=\"http:\/\/maroquineriemc.fr\/categorie-produit\/bijoux-en-cuir-veritables\/\">un bijoux<\/a><\/p>\n<p>&nbsp;<\/p>\n","protected":false},"excerpt":{"rendered":"<p><span style=\"font-weight: 400;\">\u00c9l\u00e9gante et fine, la ceinture en cuir 2,5 cm fabriqu\u00e9e dans l\u2019atelier <\/span><b>Maroquinerie Maryline Caillat<\/b><span style=\"font-weight: 400;\"> est id\u00e9ale pour les pantalons habill\u00e9s.<\/span><span style=\"font-weight: 400;\"><br \/>\n<\/span><span style=\"font-weight: 400;\">Cuir tannage v\u00e9g\u00e9tal, boucle laiton dor\u00e9, patine raffin\u00e9e.<\/span><\/p>\n<ul>\n<li><span style=\"font-weight: 400;\">Disponibilit\u00e9 : en stock ou r\u00e9alis\u00e9e sur mesure \u00e0 la commande.<\/span><\/li>\n<\/ul>\n","protected":false},"featured_media":1117,"comment_status":"open","ping_status":"closed","template":"","meta":{"_et_pb_use_builder":"","_et_pb_old_content":"","_et_gb_content_width":""},"product_brand":[],"product_cat":[58,29],"product_tag":[],"class_list":{"0":"post-845","1":"product","2":"type-product","3":"status-publish","4":"has-post-thumbnail","6":"product_cat-ceinture-boucle-2-5cm","7":"product_cat-ceintures-cuir","9":"first","10":"instock","11":"shipping-taxable","12":"purchasable","13":"product-type-variable"},"yoast_head":"<!-- This site is optimized with the Yoast SEO plugin v26.9 - https:\/\/yoast.com\/product\/yoast-seo-wordpress\/ -->\n<title>Ceinture en cuir artisanal 2,5 cm \u2013 boucle laiton dor\u00e9 - Maroquinerie Maryline Caillat<\/title>\n<meta name=\"description\" content=\"Ceinture fine en cuir artisanal 2,5 cm, boucle laiton dor\u00e9. \u00c9l\u00e9gance intemporelle, faite main dans l\u2019atelier Maryline Caillat.\" \/>\n<meta name=\"robots\" content=\"index, follow, max-snippet:-1, max-image-preview:large, max-video-preview:-1\" \/>\n<link rel=\"canonical\" href=\"https:\/\/maroquineriemc.fr\/?product=ceinture-en-cuir-artisanal-25-cm-boucle-laiton-dore\" \/>\n<meta property=\"og:locale\" content=\"fr_FR\" \/>\n<meta property=\"og:type\" content=\"article\" \/>\n<meta property=\"og:title\" content=\"Ceinture en cuir artisanal 2,5 cm \u2013 boucle laiton dor\u00e9 - Maroquinerie Maryline Caillat\" \/>\n<meta property=\"og:description\" content=\"Ceinture fine en cuir artisanal 2,5 cm, boucle laiton dor\u00e9. \u00c9l\u00e9gance intemporelle, faite main dans l\u2019atelier Maryline Caillat.\" \/>\n<meta property=\"og:url\" content=\"https:\/\/maroquineriemc.fr\/?product=ceinture-en-cuir-artisanal-25-cm-boucle-laiton-dore\" \/>\n<meta property=\"og:site_name\" content=\"Maroquinerie Maryline Caillat\" \/>\n<meta property=\"article:modified_time\" content=\"2025-11-18T20:36:49+00:00\" \/>\n<meta property=\"og:image\" content=\"https:\/\/maroquineriemc.fr\/wp-content\/uploads\/2025\/09\/ceintures-2.5cm.jpg\" \/>\n\t<meta property=\"og:image:width\" content=\"1200\" \/>\n\t<meta property=\"og:image:height\" content=\"1200\" \/>\n\t<meta property=\"og:image:type\" content=\"image\/jpeg\" \/>\n<meta name=\"twitter:card\" content=\"summary_large_image\" \/>\n<meta name=\"twitter:label1\" content=\"Dur\u00e9e de lecture estim\u00e9e\" \/>\n\t<meta name=\"twitter:data1\" content=\"1 minute\" \/>\n<script type=\"application\/ld+json\" class=\"yoast-schema-graph\">{\"@context\":\"https:\/\/schema.org\",\"@graph\":[{\"@type\":\"WebPage\",\"@id\":\"https:\/\/maroquineriemc.fr\/?product=ceinture-en-cuir-artisanal-25-cm-boucle-laiton-dore\",\"url\":\"https:\/\/maroquineriemc.fr\/?product=ceinture-en-cuir-artisanal-25-cm-boucle-laiton-dore\",\"name\":\"Ceinture en cuir artisanal 2,5 cm \u2013 boucle laiton dor\u00e9 - Maroquinerie Maryline Caillat\",\"isPartOf\":{\"@id\":\"https:\/\/maroquineriemc.fr\/#website\"},\"primaryImageOfPage\":{\"@id\":\"https:\/\/maroquineriemc.fr\/?product=ceinture-en-cuir-artisanal-25-cm-boucle-laiton-dore#primaryimage\"},\"image\":{\"@id\":\"https:\/\/maroquineriemc.fr\/?product=ceinture-en-cuir-artisanal-25-cm-boucle-laiton-dore#primaryimage\"},\"thumbnailUrl\":\"https:\/\/maroquineriemc.fr\/wp-content\/uploads\/2025\/09\/ceintures-2.5cm.jpg\",\"datePublished\":\"2025-09-29T07:28:11+00:00\",\"dateModified\":\"2025-11-18T20:36:49+00:00\",\"description\":\"Ceinture fine en cuir artisanal 2,5 cm, boucle laiton dor\u00e9. \u00c9l\u00e9gance intemporelle, faite main dans l\u2019atelier Maryline Caillat.\",\"breadcrumb\":{\"@id\":\"https:\/\/maroquineriemc.fr\/?product=ceinture-en-cuir-artisanal-25-cm-boucle-laiton-dore#breadcrumb\"},\"inLanguage\":\"fr-FR\",\"potentialAction\":[{\"@type\":\"ReadAction\",\"target\":[\"https:\/\/maroquineriemc.fr\/?product=ceinture-en-cuir-artisanal-25-cm-boucle-laiton-dore\"]}]},{\"@type\":\"ImageObject\",\"inLanguage\":\"fr-FR\",\"@id\":\"https:\/\/maroquineriemc.fr\/?product=ceinture-en-cuir-artisanal-25-cm-boucle-laiton-dore#primaryimage\",\"url\":\"https:\/\/maroquineriemc.fr\/wp-content\/uploads\/2025\/09\/ceintures-2.5cm.jpg\",\"contentUrl\":\"https:\/\/maroquineriemc.fr\/wp-content\/uploads\/2025\/09\/ceintures-2.5cm.jpg\",\"width\":1200,\"height\":1200,\"caption\":\"Ceinture en cuir artisanal 2,5 cm \u2013 boucle laiton dor\u00e9\"},{\"@type\":\"BreadcrumbList\",\"@id\":\"https:\/\/maroquineriemc.fr\/?product=ceinture-en-cuir-artisanal-25-cm-boucle-laiton-dore#breadcrumb\",\"itemListElement\":[{\"@type\":\"ListItem\",\"position\":1,\"name\":\"Accueil\",\"item\":\"https:\/\/maroquineriemc.fr\/\"},{\"@type\":\"ListItem\",\"position\":2,\"name\":\"Boutique\",\"item\":\"https:\/\/maroquineriemc.fr\/?page_id=10\"},{\"@type\":\"ListItem\",\"position\":3,\"name\":\"Ceinture en cuir artisanal 2,5 cm \u2013 boucle laiton dor\u00e9\"}]},{\"@type\":\"WebSite\",\"@id\":\"https:\/\/maroquineriemc.fr\/#website\",\"url\":\"https:\/\/maroquineriemc.fr\/\",\"name\":\"Maroquinerie Maryline Caillat\",\"description\":\"\u202fUn h\u00e9ritage du pass\u00e9, \u00e9l\u00e9gance pour l\u2019avenir\u202f\",\"publisher\":{\"@id\":\"https:\/\/maroquineriemc.fr\/#organization\"},\"potentialAction\":[{\"@type\":\"SearchAction\",\"target\":{\"@type\":\"EntryPoint\",\"urlTemplate\":\"https:\/\/maroquineriemc.fr\/?s={search_term_string}\"},\"query-input\":{\"@type\":\"PropertyValueSpecification\",\"valueRequired\":true,\"valueName\":\"search_term_string\"}}],\"inLanguage\":\"fr-FR\"},{\"@type\":\"Organization\",\"@id\":\"https:\/\/maroquineriemc.fr\/#organization\",\"name\":\"Maroquinerie Maryline Caillat\",\"url\":\"https:\/\/maroquineriemc.fr\/\",\"logo\":{\"@type\":\"ImageObject\",\"inLanguage\":\"fr-FR\",\"@id\":\"https:\/\/maroquineriemc.fr\/#\/schema\/logo\/image\/\",\"url\":\"http:\/\/maroquineriemc.fr\/wp-content\/uploads\/2025\/11\/Logo-MC-PNG.png\",\"contentUrl\":\"http:\/\/maroquineriemc.fr\/wp-content\/uploads\/2025\/11\/Logo-MC-PNG.png\",\"width\":1504,\"height\":1463,\"caption\":\"Maroquinerie Maryline Caillat\"},\"image\":{\"@id\":\"https:\/\/maroquineriemc.fr\/#\/schema\/logo\/image\/\"}}]}<\/script>\n<!-- \/ Yoast SEO plugin. -->","yoast_head_json":{"title":"Ceinture en cuir artisanal 2,5 cm \u2013 boucle laiton dor\u00e9 - Maroquinerie Maryline Caillat","description":"Ceinture fine en cuir artisanal 2,5 cm, boucle laiton dor\u00e9. \u00c9l\u00e9gance intemporelle, faite main dans l\u2019atelier Maryline Caillat.","robots":{"index":"index","follow":"follow","max-snippet":"max-snippet:-1","max-image-preview":"max-image-preview:large","max-video-preview":"max-video-preview:-1"},"canonical":"https:\/\/maroquineriemc.fr\/?product=ceinture-en-cuir-artisanal-25-cm-boucle-laiton-dore","og_locale":"fr_FR","og_type":"article","og_title":"Ceinture en cuir artisanal 2,5 cm \u2013 boucle laiton dor\u00e9 - Maroquinerie Maryline Caillat","og_description":"Ceinture fine en cuir artisanal 2,5 cm, boucle laiton dor\u00e9. \u00c9l\u00e9gance intemporelle, faite main dans l\u2019atelier Maryline Caillat.","og_url":"https:\/\/maroquineriemc.fr\/?product=ceinture-en-cuir-artisanal-25-cm-boucle-laiton-dore","og_site_name":"Maroquinerie Maryline Caillat","article_modified_time":"2025-11-18T20:36:49+00:00","og_image":[{"width":1200,"height":1200,"url":"https:\/\/maroquineriemc.fr\/wp-content\/uploads\/2025\/09\/ceintures-2.5cm.jpg","type":"image\/jpeg"}],"twitter_card":"summary_large_image","twitter_misc":{"Dur\u00e9e de lecture estim\u00e9e":"1 minute"},"schema":{"@context":"https:\/\/schema.org","@graph":[{"@type":"WebPage","@id":"https:\/\/maroquineriemc.fr\/?product=ceinture-en-cuir-artisanal-25-cm-boucle-laiton-dore","url":"https:\/\/maroquineriemc.fr\/?product=ceinture-en-cuir-artisanal-25-cm-boucle-laiton-dore","name":"Ceinture en cuir artisanal 2,5 cm \u2013 boucle laiton dor\u00e9 - Maroquinerie Maryline Caillat","isPartOf":{"@id":"https:\/\/maroquineriemc.fr\/#website"},"primaryImageOfPage":{"@id":"https:\/\/maroquineriemc.fr\/?product=ceinture-en-cuir-artisanal-25-cm-boucle-laiton-dore#primaryimage"},"image":{"@id":"https:\/\/maroquineriemc.fr\/?product=ceinture-en-cuir-artisanal-25-cm-boucle-laiton-dore#primaryimage"},"thumbnailUrl":"https:\/\/maroquineriemc.fr\/wp-content\/uploads\/2025\/09\/ceintures-2.5cm.jpg","datePublished":"2025-09-29T07:28:11+00:00","dateModified":"2025-11-18T20:36:49+00:00","description":"Ceinture fine en cuir artisanal 2,5 cm, boucle laiton dor\u00e9. \u00c9l\u00e9gance intemporelle, faite main dans l\u2019atelier Maryline Caillat.","breadcrumb":{"@id":"https:\/\/maroquineriemc.fr\/?product=ceinture-en-cuir-artisanal-25-cm-boucle-laiton-dore#breadcrumb"},"inLanguage":"fr-FR","potentialAction":[{"@type":"ReadAction","target":["https:\/\/maroquineriemc.fr\/?product=ceinture-en-cuir-artisanal-25-cm-boucle-laiton-dore"]}]},{"@type":"ImageObject","inLanguage":"fr-FR","@id":"https:\/\/maroquineriemc.fr\/?product=ceinture-en-cuir-artisanal-25-cm-boucle-laiton-dore#primaryimage","url":"https:\/\/maroquineriemc.fr\/wp-content\/uploads\/2025\/09\/ceintures-2.5cm.jpg","contentUrl":"https:\/\/maroquineriemc.fr\/wp-content\/uploads\/2025\/09\/ceintures-2.5cm.jpg","width":1200,"height":1200,"caption":"Ceinture en cuir artisanal 2,5 cm \u2013 boucle laiton dor\u00e9"},{"@type":"BreadcrumbList","@id":"https:\/\/maroquineriemc.fr\/?product=ceinture-en-cuir-artisanal-25-cm-boucle-laiton-dore#breadcrumb","itemListElement":[{"@type":"ListItem","position":1,"name":"Accueil","item":"https:\/\/maroquineriemc.fr\/"},{"@type":"ListItem","position":2,"name":"Boutique","item":"https:\/\/maroquineriemc.fr\/?page_id=10"},{"@type":"ListItem","position":3,"name":"Ceinture en cuir artisanal 2,5 cm \u2013 boucle laiton dor\u00e9"}]},{"@type":"WebSite","@id":"https:\/\/maroquineriemc.fr\/#website","url":"https:\/\/maroquineriemc.fr\/","name":"Maroquinerie Maryline Caillat","description":"\u202fUn h\u00e9ritage du pass\u00e9, \u00e9l\u00e9gance pour l\u2019avenir\u202f","publisher":{"@id":"https:\/\/maroquineriemc.fr\/#organization"},"potentialAction":[{"@type":"SearchAction","target":{"@type":"EntryPoint","urlTemplate":"https:\/\/maroquineriemc.fr\/?s={search_term_string}"},"query-input":{"@type":"PropertyValueSpecification","valueRequired":true,"valueName":"search_term_string"}}],"inLanguage":"fr-FR"},{"@type":"Organization","@id":"https:\/\/maroquineriemc.fr\/#organization","name":"Maroquinerie Maryline Caillat","url":"https:\/\/maroquineriemc.fr\/","logo":{"@type":"ImageObject","inLanguage":"fr-FR","@id":"https:\/\/maroquineriemc.fr\/#\/schema\/logo\/image\/","url":"http:\/\/maroquineriemc.fr\/wp-content\/uploads\/2025\/11\/Logo-MC-PNG.png","contentUrl":"http:\/\/maroquineriemc.fr\/wp-content\/uploads\/2025\/11\/Logo-MC-PNG.png","width":1504,"height":1463,"caption":"Maroquinerie Maryline Caillat"},"image":{"@id":"https:\/\/maroquineriemc.fr\/#\/schema\/logo\/image\/"}}]}},"_links":{"self":[{"href":"https:\/\/maroquineriemc.fr\/index.php?rest_route=\/wp\/v2\/product\/845","targetHints":{"allow":["GET"]}}],"collection":[{"href":"https:\/\/maroquineriemc.fr\/index.php?rest_route=\/wp\/v2\/product"}],"about":[{"href":"https:\/\/maroquineriemc.fr\/index.php?rest_route=\/wp\/v2\/types\/product"}],"replies":[{"embeddable":true,"href":"https:\/\/maroquineriemc.fr\/index.php?rest_route=%2Fwp%2Fv2%2Fcomments&post=845"}],"wp:featuredmedia":[{"embeddable":true,"href":"https:\/\/maroquineriemc.fr\/index.php?rest_route=\/wp\/v2\/media\/1117"}],"wp:attachment":[{"href":"https:\/\/maroquineriemc.fr\/index.php?rest_route=%2Fwp%2Fv2%2Fmedia&parent=845"}],"wp:term":[{"taxonomy":"product_brand","embeddable":true,"href":"https:\/\/maroquineriemc.fr\/index.php?rest_route=%2Fwp%2Fv2%2Fproduct_brand&post=845"},{"taxonomy":"product_cat","embeddable":true,"href":"https:\/\/maroquineriemc.fr\/index.php?rest_route=%2Fwp%2Fv2%2Fproduct_cat&post=845"},{"taxonomy":"product_tag","embeddable":true,"href":"https:\/\/maroquineriemc.fr\/index.php?rest_route=%2Fwp%2Fv2%2Fproduct_tag&post=845"}],"curies":[{"name":"wp","href":"https:\/\/api.w.org\/{rel}","templated":true}]}}